s -10101000011 + 101010101110?
10101101011
In base 8, what is 5 + 16645225?
16645232
In base 14, what is 35d16478 + 0?
35d16478
In base 12, what is -68 - 3bb11?
-3bb79
In base 11, what is 292 + -27875?
-27593
In base 16, what is 31b4 - 719?
2a9b
In base 4, what is -2012132123 - -123?
-2012132000
In base 7, what is 4332 + -303232?
-265600
In base 16, what is 6d314 - 28?
6d2ec
In base 6, what is -12335531010 + -5?
-12335531015
In base 7, what is 164315613 + -5?
164315605
In base 15, what is -2b - 359cc?
-35a08
In base 12, what is -2b + 71127?
710b8
In base 7, what is -55534505 - -22?
-55534453
In base 4, what is 102 - 211232300?
-211232132
In base 14, what is 80 - -12ca25?
12caa5
In base 6, what is -22 - -340115405?
340115343
In base 5, what is 24240144422 + 10?
24240144432
In base 5, what is -3 - -100342232412?
100342232404
In base 2, what is 111 + -11001001111100011111000011?
-11001001111100011110111100
In base 11, what is 8a45 + 8?
8a52
In base 10, what is -208748547 - 0?
-208748547
In base 7, what is -135044404 - -4?
-135044400
In base 4, what is -2121 - 221212212?
-221220333
In base 7, what is 2450 - -4150?
6630
In base 4, what is -20033 - 2322032221?
-2322112320
In base 9, what is 74 + 8755312?
8755386
In base 9, what is 308612 + 7053?
316665
In base 5, what is -102214413 - -3012?
-102211401
In base 3, what is -102121110210011 + 1101?
-102121110201210
In base 13, what is 0 - 945b687?
-945b687
In base 11, what is 2234 + -38a?
1955
In base 4, what is -13100030133032 - 0?
-13100030133032
In base 16, what is -1 - 31695f3?
-31695f4
In base 8, what is 304 + -221107?
-220603
In base 16, what is -b59d0 + -f?
-b59df
In base 7, what is -205206 + -3?
-205212
In base 13, what is -2576729 + -1?
-257672a
In base 4, what is 23 + 31102002032?
31102002121
In base 3, what is 11 - -20010210111222?
20010210112010
In base 11, what is 16a478122 + -1?
16a478121
In base 4, what is -10 - 13101012031?
-13101012101
In base 12, what is 2b550 - -3b?
2b58b
In base 3, what is -1 + -22220000200011?
-22220000200012
In base 9, what is -52 - -128764?
128712
In base 5, what is -34 + 102140140?
102140101
In base 13, what is 2 + 9721555?
9721557
In base 3, what is 122012002220021 + 201?
122012002220222
In base 16, what is -4 - -499705f?
499705b
In base 13, what is 3 - 11a6a394?
-11a6a391
In base 5, what is -10444 + 3203310?
3142311
In base 9, what is -317 - 13025772?
-13026200
In base 14, what is 49206a3 + 25?
49206c8
In base 8, what is -52 + -127542?
-127614
In base 3, what is 1011212212 + -12120?
1011200022
In base 4, what is -110303011 - 23?
-110303100
In base 5, what is 21 - -143133013?
143133034
In base 5, what is -24102431212 - -3?
-24102431204
In base 13, what is -769 - 54431?
-54b9a
In base 6, what is 4434 - 315222?
-310344
In base 8, what is -300651 + -1635?
-302506
In base 9, what is -21 - -1172214?
1172183
In base 8, what is -147 + -170646?
-171015
In base 14, what is -5 + 186db25?
186db20
In base 14, what is 6a74d7 - -48?
6a7541
In base 13, what is -2 - -16a090?
16a08b
In base 11, what is -55 + -12389?
-12433
In base 3, what is -2212100021 - -21200020?
-2120200001
In base 16, what is -1132d - -700?
-10c2d
In base 11, what is -a6444 - 25?
-a6469
In base 8, what is -4 + 721437222?
721437216
In base 7, what is -3544333 + -20?
-3544353
In base 13, what is 3cc47 + 454?
4039b
In base 13, what is -22 - -1982a43?
1982a21
In base 12, what is -482ab3 + 2?
-482ab1
In base 11, what is 240 - -10165?
103a5
In base 14, what is 1518 - 555?
da3
In base 5, what is -123243301 + -130?
-123243431
In base 13, what is -73b87b0 - -5?
-73b87a8
In base 15, what is -2b9db1 + 4b?
-2b9d65
In base 14, what is -70 + -33c7bc?
-33c84c
In base 5, what is -110221241 - 320?
-110222111
In base 16, what is -e - ee15?
-ee23
In base 13, what is 5825b7 - 0?
5825b7
In base 16, what is 11318ff - 0?
11318ff
In base 8, what is 3054 - -1101?
4155
In base 4, what is -1100 + 20102022200?
20102021100
In base 13, what is -887568 - 2?
-88756a
In base 3, what is 10 + -111012111200120122?
-111012111200120112
In base 9, what is -462 - -1567?
1105
In base 7, what is -2041146 + -3335?
-2044514
In base 3, what is 101 + -101111020202112?
-101111020202011
In base 14, what is -c4c84 - 1d?
-c4ca3
In base 15, what is ea - a140e?
-a1314
In base 7, what is -66151603 + -125?
-66152031
In base 6, what is -100434 - -2125344?
2024510
In base 14, what is 1 - -3a9a5c?
3a9a5d
In base 12, what is 90ba + -646?
8674
In base 10, what is -1073 - -16532?
15459
In base 12, what is 13164 + 6277?
1941b
In base 15, what is -3 - 2ae7d3?
-2ae7d6
In base 9, what is -145 - -2228688?
2228543
In base 9, what is 5274 + -40685?
-34411
In base 16, what is 83b1 + -e15?
759c
In base 4, what is 23033 + -1000230102?
-1000201003
In base 15, what is -39 - -466e?
4635
In base 14, what is 4 - -a40a22?
a40a26
In base 7, what is -2 + -2146211644?
-2146211646
In base 14, what is -106bc8 - -1b?
-106bab
In base 5, what is 44 + -14120034222?
-14120034123
In base 13, what is -285a - 713?
-3270
In base 4, what is 30 - 13120020?
-13113330
In base 8, what is 50 - -1237137?
1237207
In base 12, what is 0 + 482b777?
482b777
In base 12, what is 165905 - -2b8?
166001
In base 15, what is e4a + -1b34?
-bd9
In base 5, what is -14 - -2320120140?
2320120121
In base 3, what is -1112200200 + 1212000012?
22022112
In base 5, what is 304 + 211203341?
211204200
In base 9, what is 4777351 + -5?
4777345
In base 15, what is 22399 + 236?
225d0
In base 15, what is -2974a1 - 5?
-2974a6
In base 2, what is -1000000011011 - 10001101110010100?
-10010101110101111
In base 13, what is 8acc466 + 7?
8acc470
In base 5, what is -123442 + 424423?
300431
In base 14, what is 65962 - 11c?
65844
In base 9, what is -6238270 + -4?
-6238274
In base 5, what is -20342240 - -21334?
-20320401
In base 9, what is -12762 + 754?
-12007
In base 5, what is 311421324 + -1202?
311420122
In base 5, what is 1 + 42123020321?
42123020322
In base 5, what is -4024 - -131142010?
131132431
In base 14, what is -9a6aa003 + -5?
-9a6aa008
In base 9, what is -160 - 1801273?
-1801443
In base 14, what is -8206c4 - -5?
-8206bd
In base 7, what is -335 - 630360?
-631025
In base 11, what is 1 - 3857146?
-3857145
In base 2, what is -1001000010011101110 + 11001000?
-1001000010000100110
In base 3, what is -10200021 + -221121?
-11121212
In base 12, what is 2866973 + -4?
286696b
In base 3, what is 1020 + 1122202122112?
1122202200202
In base 8, what is 603477 + 0?
603477
In base 2, what is 0 - -110011100001010110011?
110011100001010110011
In base 5, what is 40322 + -1300102?
-1204230
In base 6, what is -4 - 3053503042?
-3053503050
In base 6, what is 2 + 205120241?
205120243
In base 6, what is 3 - -122354133?
122354140
In base 6, what is -250044345 + -11?
-250044400
In base 11, what is 579 + -6692?
-6114
In base 15, what is -44ced - -b60?
-4418d
In base 14, what is 10 + -974a40?
-974a30
In base 16, what is -144 - -35b90?
35a4c
In base 13, what is 40898 + 40?
40908
In base 9, what is -57888 - -515?
-57373
In base 6, what is -124005 + 12530?
-111035
In base 8, what is 21621243 + -5?
21621236
In base 2, what is -100 + 100010101001010010100?
100010101001010010000
In base 10, what is 2 - -9961789?
9961791
In base 11, what is 128251 + 69?
12830a
In base 13, what is -15b86481 + 3?
-15b8647b
In base 2, what is 10011001 - -110101001101011001?
110101001111110010
In base 3, what is -22 + -122010221111101111?
-122010221111101210
In base 3, what is 22120022 - 122221?
21220101
In base 14, what is 11 - 3a8b123?
-3a8b112
In base 7, what is -1512160264 + -3?
-1512160300
In base 10, what is 1 - 72732970?
-72732969
In base 14, what is 15a - -242acd?
242c49
In base 9, what is -7 - 882313?
-882321
In base 6, what is -40400203445 - -3?
-40400203442
In base 3, what is -112 + -1002201211120001?
-1002201211120120
In base 7, what is 0 + 10242212?
10242212
In base 12, what is 48 - 808288?
-808240
In base 14, what is 1c9 + -180049?
-17dc60
In base 9, what is -35 + -261721?
-261756
In base 4, what is 1101312 - 1033?
1100213
In base 4, what is -312113022 - -10001?
-312103021
In base 6, what is 305541 + -5?
305532
In base 4, what is 1001333232111 - -2?
1001333232113
In base 5, what is -12 + 113013014320?
113013014303
In base 5, what is 3 + -22344223434?
-22344223431
In base